 189?
27
Let k be (12 - 396/30)*-5*(-183)/(-6). What is the highest common divisor of k and 11712?
183
Let n be (-14 + -4)*3/(-6). Let k(g) = 15*g - 42. Let z be k(n). Calculate the greatest common factor of z and 31.
31
Let k = -254 - -255. Let j be (18/(-30) - k)/((-2)/80). Calculate the greatest common factor of j and 96.
32
Let t = 2 + 2. Suppose -t*i - 2*y = -5*y - 34, 0 = 2*i - y - 16. Calculate the highest common factor of i and 77.
7
Let g = 45 + -31. Let j = -281 + 289. What is the greatest common factor of g and j?
2
Let m = 4559 + -4450. Calculate the highest common divisor of m and 763.
109
Let o(v) be the third derivative of v**2 - 11/6*v**3 + 0 + 5/24*v**4 + 0*v. Let d be o(4). Calculate the greatest common divisor of d and 9.
9
Suppose 0 = 2*s - 5*a - 276, -s = 4*s - a - 667. Suppose 7*n - 38 = 6*n. Calculate the greatest common factor of n and s.
19
Let i = -1868 - -1870. Let o be (-12)/(-14)*(3/3 - -55). Calculate the greatest common factor of o and i.
2
Suppose 6*u + 2340 = 19*u. Suppose -3*t = 2*o - u - 32, 5*t + 3*o = 354. Calculate the highest common factor of t and 180.
36
Suppose -161006 = -751*g + 1292930. What is the greatest common factor of 4224 and g?
176
Suppose -4 = 2*y - 4*y. Suppose -4*v - 20 = -m, -59 = -4*m - 7*v + y*v. Let l be 25 + 0 - (2/(-7)*7 - 5). Calculate the greatest common factor of l and m.
16
Suppose -2*j + o - 13 = 0, 4*j - 4*o + 12 + 12 = 0. Let v be (3/j)/((-1)/7). What is the greatest common divisor of v and 8?
1
Let i(l) = -l**3 + 12*l**2 + 15*l + 11. Let j be i(13). Suppose -j = 2*t - 139. What is the highest common factor of t and 85?
17
Let g(t) = 13*t**2 - 409*t - 119. Let z be g(32). What is the highest common divisor of 255 and z?
15
Suppose -y = -3*y + 6. Suppose -4*u + 9*u - 63 = -2*b, 235 = 5*b - y*u. Calculate the greatest common factor of 4 and b.
4
Let k = -57 - -59. Suppose 5*x = 10, 8 = -k*y - 2*x + 48. Let m(h) = 10*h + 2. Let r be m(1). What is the highest common factor of y and r?
6
Let a = 23 + -10. Suppose -2*k + 1132 = 2*l, -8*k + 9*k + 4*l - 575 = 0. Let s = k + -472. Calculate the highest common factor of a and s.
13
Let v = -8 - -53. Let a(y) be the first derivative of y**2 + 3*y + 26. Let q be a(3). What is the highest common factor of q and v?
9
Let q be 60/(-27) - -2 - (-15856)/72. Suppose -7*w = -5*w + 3*h - q, 0 = h - 4. Calculate the greatest common divisor of w and 130.
26
Let w = -128 - -230. Let o be -2*21/(-6) + -1. Calculate the greatest common divisor of w and o.
6
Suppose 0 = -p - 9*s + 4*s - 57, -2*p - 5*s - 99 = 0. Let u = p + 308. Calculate the highest common factor of 14 and u.
14
Suppose -8*s = -31 - 305. Suppose -s - 1068 = -15*v. Calculate the highest common factor of 2 and v.
2
Suppose -x + 307 = 2*q, 0 = 2*q - 7*q + 2*x + 763. Suppose q = 4*m - 291. Let z = 73689 - 73615. Calculate the greatest common factor of z and m.
37
Let d be (54/7)/(5320/(-490) - 11/(-1)). What is the highest common factor of d and 42?
6
Let a = -37 + -431. Let f = a - -498. Calculate the highest common divisor of 105 and f.
15
Let s be (-9098)/(-4) + (17 - 975/78). Calculate the greatest common divisor of 86 and s.
43
Suppose -60*b = 45*b - 10*b - 301910. What is the highest common factor of 14 and b?
14
Suppose 64*n - 20*n - 2499 = 23*n. Calculate the greatest common factor of 427 and n.
7
Suppose a = 5*m - 29, 3*m = -5*a - 9 + 4. Suppose 56*p - 54*p = -r + 16, m*r - 3*p = 28. Calculate the greatest common factor of 76 and r.
4
Suppose 304*a - 72 = 312*a. Let j be ((-21)/a)/((-1)/(-24)) - -5. Calculate the greatest common factor of j and 183.
61
Let p = 3949 - 3936. What is the highest common factor of 11089 and p?
13
Suppose 238 + 1714 = 8*y. Calculate the greatest common divisor of 8662 and y.
122
Suppose 6*k + 86 = 7*k. Let i = 203 - k. What is the greatest common divisor of 9 and i?
9
Suppose 3*r - 34 - 25 = -8. What is the highest common divisor of r and 2329?
17
Let x(l) = 730*l**2 + 37*l. Let d be x(-1). Calculate the highest common divisor of 168 and d.
21
Suppose 0 = 5*n + 27 - 2. Let l(m) = -m**2 - 4*m + 8. Let a be l(n). Suppose 0 = -0*u + a*u - 45. Calculate the highest common divisor of 6 and u.
3
Let z be 72301/21 - 14/(-147). Suppose 349 = -13*r + z. What is the highest common factor of 7 and r?
7
Let q = 204 + -287. Let h = -20 - q. What is the highest common factor of 36 and h?
9
Let j(n) = 9*n**3 + 26*n**2 + 12*n - 17. Let o be j(9). Calculate the greatest common divisor of 1510 and o.
302
Let n(k) = 3*k**2 + 23*k - 5. Let o be n(-8). Suppose 20 = -o*h + 230. What is the highest common factor of h and 20?
10
Suppose 0 = 16*g - 12*g - 24. Suppose 0 = 3*j + 2*v - 43, -g*j - 34 = -10*j + 2*v. What is the highest common divisor of 209 and j?
11
Suppose -a + 65 = 3*d, -3*d + 134 = 4*a - 135. What is the highest common factor of a and 276?
4
Suppose -3*z + 9567 = -3*s, -4895 - 11062 = -5*z + 3*s. What is the highest common factor of 45 and z?
45
Let r(v) = -29*v + 1732. Let i be r(43). Calculate the greatest common divisor of i and 20.
5
Let n = 38 - 31. Let j = -1 + n. Suppose -j*l + 11*l = 100. What is the highest common factor of 40 and l?
20
Let m = 8158 + -8131. What is the greatest common divisor of 120 and m?
3
Suppose 2*q = -4*k + 4, 5*q - 22 = k - 5*k. Let g be 4/q*(-27)/(-1). Let i be ((-24)/g)/(3/(-99)). What is the greatest common divisor of 22 and i?
22
Let f be -6*(833/102 - 20). What is the greatest common factor of f and 18176?
71
Let l(s) = -35*s - 169. Let w be l(-5). Let d be 23*1 + (-1 - 1). Calculate the highest common factor of d and w.
3
Suppose 43*b - 12969 = 32*b. Suppose 8*n - 1125 = b. What is the greatest common factor of 36 and n?
36
Let j = -334 + 530. Let d be 1 - 0 - ((-3226)/11 - (-1635)/5995). What is the highest common factor of d and j?
98
Suppose 4*v - 7*v + 6 = 0. Suppose -2*l + 3*q = -95, 0*l + v*q = -4*l + 182. Let f = 76 - l. What is the greatest common factor of f and 90?
30
Suppose 6*j = 2*s + 3*j + 5, 12 = -2*s - 4*j. Let f be (s - 1680/(-50)) + 4/10. Calculate the highest common factor of f and 84.
6
Let w(g) = -g**2 - 13*g + 11. Let s be w(-11). Suppose 3*i = 6*i - s. Let o = -17 + 18. Calculate the highest common divisor of i and o.
1
Let i = 1 + 2. Suppose 3*q + 2*p + 2*p = 24, 4*q - i*p = 7. Let h be ((-308)/(-12))/(14531/15852). What is the greatest common divisor of h and q?
4
Suppose 5*t - 3*b - 15 = -b, 5*b = 0. Suppose -t*u = -3*k + 126, 4*u + 78 = -0*k + 2*k. Suppose 22*z = 1312 + 8. What is the highest common divisor of k and z?
15
Suppose 5*w - 599 = -3*l, -1047 = -4*l + 4*w - 259. What is the greatest common divisor of l and 99?
99
Let g be 0/(10/5 - -5 - 5). Suppose -133 = j - 4*j + 2*x, 3*x - 3 = g. Calculate the highest common factor of j and 10.
5
Let z(f) = 11 + 0*f + f**2 - 9*f + 3 + 12. Let s be z(8). Let v be ((-20)/(-30))/(2/s). Calculate the greatest common factor of v and 9.
3
Let z = 12560 + -12539. Calculate the highest common factor of z and 213.
3
Let r be (-160)/(-560) - (0 - (-4051)/(-7)). What is the greatest common factor of r and 3?
3
Let j be 643 + 1 - (672/21)/8. Calculate the highest common factor of j and 1024.
128
Let l(n) = -n**3 - 4*n**2 + 73*n + 304. Let c be l(-4). What is the highest common factor of 3348 and c?
12
Suppose p - 1 = 75. Let o = 3 - -8. Let h = 30 - o. What is the greatest common divisor of p and h?
19
Let s = -6443 - -2933. Let p be (8/6)/((0 + -6)/s). Calculate the greatest common divisor of p and 26.
26
Suppose -2 + 28 = 2*z. Suppose q = 4*x + 561 + 759, 2*q = -x + 2595. Suppose -24*b + q = -4*b. What is the greatest common divisor of z and b?
13
Suppose 10856 = 53*y - 1546. What is the greatest common factor of y and 2223?
117
Let q(w) = -w**2 - 9*w + 46. Let i be q(-11). Suppose -t + i = -32. What is the highest common factor of t and 21?
7
Let i = 23450 - 23183. Calculate the greatest common divisor of 14596 and i.
89
Let g(u) = u**3 - 96*u + 605. Let x be g(7). Calculate the highest common divisor of 92 and x.
92
Let o be (12/(-36))/((-2)/6). Let u be (0 + o)*20 + (-1 - 1). What is the highest common factor of u and 24?
6
Let w = 2930 - 2764. Calculate the highest common divisor of w and 5893.
83
Let j(v) = 3*v**2 - 218*v + 2709. Let t be j(80). Calc